 107. Is h(5) a composite number?
True
Let k be (-4)/((-80)/24 - -2). Let w(c) = 3*c - 4 - 4*c + 14*c**2 + 26*c**2. Is w(k) prime?
True
Suppose 53*x - 92*x + 1267383 = 0. Is x prime?
True
Suppose 2*y + 56 = 2*w, -4*y - y = 5*w - 180. Suppose 4*x - 2*x = w. Is x/(-20) + (-2909)/(-5) a prime number?
False
Suppose -4*p = -0*p. Let v be (18/(-4) - -1)*(-5 + 3). Suppose v*o = -p*o + 595. Is o composite?
True
Suppose 4*x - 9653 = -z, 2314*z + 19339 = 2316*z - 3*x. Is z a prime number?
False
Let l = -46 + 60. Suppose 0 = -l*k + 12903 - 2137. Is k a composite number?
False
Let j(u) = -u**2 + 24*u - 1. Suppose 3*y - 31 = -5*c, 0*c + c - 3 = y. Is j(c) a composite number?
True
Let q(m) = 91*m**2 - 729*m - 29. Is q(23) a prime number?
False
Suppose -9*l + 823531 + 1527818 = -760194. Is l prime?
True
Let q(f) = -15*f**3 + 5*f**2 - 11*f - 2. Let h be q(3). Let s = -58 - h. Is s composite?
False
Let m(g) = 617*g + 24. Let o be m(-2). Let z = 567 - o. Is z composite?
False
Let l be (12315/(-9))/((-14)/84). Let k = l + -4519. Is k a composite number?
False
Suppose y - 8 = -x, 0 = -x - y + 2*y. Let z = 376 + -372. Suppose 0 = x*q - s + z*s - 69, -q - s = -16. Is q a prime number?
False
Suppose -315*s = -311*s - 84. Suppose s*o - 542584 = 82985. Is o a composite number?
False
Let o = 8554 + -8535. Suppose -3*w = 4*l - 28 + 9, 5*w - 1 = l. Suppose n - 1 = -l, -u - 4*n + o = 0. Is u a composite number?
False
Let a(g) = -34201*g + 5321. Is a(-6) prime?
True
Let h = -7514 - -164971. Is h composite?
False
Let s be (-2168)/(-56) + ((-24)/14 - -2). Suppose -s = -4*r - 1115. Let f = 615 + r. Is f a composite number?
True
Let k(x) be the second derivative of 27*x**6/2 - x**5/24 - x**4/6 + 16*x**3/3 - 3*x. Let c(i) be the second derivative of k(i). Is c(-1) composite?
False
Let w(j) = -j**3 - 14*j**2 - 12*j + 12. Let l be w(-13). Let g be (14 - 2)/l*(-1577)/3. Suppose -n - c + 932 = -639, 4*c = 4*n - g. Is n a prime number?
False
Let f(w) = w**3 - 43*w**2 + 69*w - 53. Is f(46) a composite number?
True
Let d(u) = 2*u**2 + 5*u - 11. Let t be d(-5). Let r be 38/t - 2/(-14)*2. Suppose -6*q = r*q - 54. Is q a prime number?
False
Let r(s) be the second derivative of -s**5/20 + s**4/6 + 3*s**3/2 - 3*s**2/2 - 45*s. Let f be r(-6). Suppose -749 = -2*w - f. Is w a composite number?
True
Suppose 4*j - 15 = 5*w, 0 = -3*j - 4*w + 8 + 42. Let y be -3*(-8)/21 + 9615/21. Is 3*y - (-12 + j) prime?
False
Let i = -5487 + 8692. Is i a composite number?
True
Let s(w) = -35 - 17*w + 24 + 894*w - 5162*w + 85. Is s(-3) a composite number?
True
Suppose -87*l - 10 = -92*l. Is -89*(-4 + -21 + l) a composite number?
True
Suppose -4*o + 10*k - 14*k + 164516 = 0, 0 = -2*o + 2*k + 82250. Is o a prime number?
False
Let r(g) = 42*g - 126. Let b be r(11). Let o = b - -2603. Is o composite?
False
Let w(k) = -k**2 + 10*k - 19. Let y be w(9). Let u = y + 16. Suppose -8*n + 20 = -u*n. Is n a composite number?
True
Is (416/(-13) - -30)*(-70678)/4 composite?
False
Suppose -58 + 18 = -10*d. Suppose 5*k + 11 = -f, f + 3*k - 19 = d*k. Is 241*2 + (17 - f) a prime number?
False
Let f = 33 - 36. Let k(p) = 3*p**2 - p**2 + 0*p**2 + 1. Is k(f) a prime number?
True
Let s = 0 + 25. Let q = 24 - s. Let w = 112 - q. Is w composite?
False
Let t(s) = -s**2 + 6*s + 4. Let a be t(6). Let y(v) = 32*v + 5. Let p be y(6). Suppose -3*l - a*n + 1925 = 0, -l = n - 443 - p. Is l composite?
True
Suppose -4 = 2*i - 3*i. Suppose 0 = -5*l + i*y - 2443, 10 = 5*y - 0*y. Let c = 774 + l. Is c prime?
False
Let h(l) be the second derivative of 5*l**4/12 - 19*l**3/6 + l**2/2 - 6*l. Let v(z) = -3*z**2 + 9*z. Let j(s) = -3*h(s) - 7*v(s). Is j(6) prime?
False
Let h(g) = 152*g + 13. Let o be (-90)/(-12) + ((-21)/(-6) - 3). Is h(o) a composite number?
False
Let s(z) = -4*z**2 + 23*z - 5. Let j(q) = -3*q**2 + 15*q - 3. Let w(c) = -8*j(c) + 5*s(c). Let d = 8 + -16. Is w(d) prime?
False
Is (2/4)/((-209)/(-5262202)) a composite number?
False
Let r be 86/14 - (-13 + 920/70). Let p be 4/(-2 + 10/6). Is 1/r + (-26)/p*1169 a prime number?
False
Suppose 5*b + r - 130 - 64 = 0, -4*r + 16 = 0. Suppose -5*g = 7 + b. Let y(p) = p**3 + 9*p**2 - 2*p + 1. Is y(g) a prime number?
True
Suppose 0 = 4*p + 4*q + q - 42987, 3*p = -2*q + 32249. Suppose p = 9*a - 5870. Is a a composite number?
False
Let p = 129894 + -36221. Is p a prime number?
False
Suppose -4*d + 4*w + 22488 = 0, -4*w + 11232 = 4*d - 2*d. Suppose 0 = -4*n - 0*n + d. Suppose -159 = -4*p + n. Is p a prime number?
False
Is -5*8388056*(-19)/380 composite?
True
Suppose -2004*a = -1993*a - 1541485. Is a a composite number?
True
Let o be (-75)/(-2 - -5)*(-1 + -62). Suppose 5*z - 3833 = -n, 2*z = -n - 40 + o. Is z prime?
False
Let x(c) be the third derivative of -191*c**4/24 + 4*c**3/3 - c**2. Let b(p) = -52*p + 517. Let y be b(10). Is x(y) a prime number?
False
Let p = 743679 + 160922. Is p a composite number?
False
Let w(b) be the second derivative of 0 - 15*b + 3/4*b**4 - 19/2*b**2 - 2/3*b**3. Is w(-8) a prime number?
False
Suppose -4*z + 18 = 6, 0 = -3*u + 4*z + 7968. Suppose -5*b = -u - 13025. Is b a composite number?
False
Suppose -687*x + 681*x - 48 = 0. Is x - 38616/(-8)*1 a composite number?
True
Is 638023 - (18/9 - 2)/3 a prime number?
True
Let l(x) = 9*x - 102. Let o be l(11). Is 5 + (3 + o - -2806) prime?
False
Let z = 5862 - -16522. Suppose 9*m = 5*m - z. Is 1/(2*(-2)/m) composite?
False
Let x(p) = 12*p**2 - 70*p + 38. Let a be x(-26). Suppose -4*u = -a - 25794. Is u prime?
True
Let v(d) = -277*d - 15. Let f be v(20). Let w = 10594 + f. Is w prime?
True
Let r be (3866/(-2))/(-8 - 385/(-49)). Suppose -x + 77*j + r = 73*j, 0 = x + 3*j - 13510. Is x a composite number?
True
Let s(q) = 2*q - 20. Let i be s(11). Let r(f) = -4*f + 3. Let n be r(i). Is n/(50/(-6692)) - (-2)/(-10) composite?
True
Let h(q) = -4*q - 17. Let g(b) = -4*b - 17. Let i(l) = 4*g(l) - 3*h(l). Let a be i(-5). Is (440 + a/1)/(3/3) a prime number?
True
Let w be 16/120 - 34/30. Is 1/((-2)/27926*w) a composite number?
False
Let d(t) = -t**2 + 4*t + 80. Let g be d(-7). Is (-2)/(8/(-7620)*g) a composite number?
True
Let m(o) = -105*o + 14. Let f(z) = -104*z + 15. Let l be (0 + 0 + 1)*-6. Let n(u) = l*f(u) + 5*m(u). Is n(13) a prime number?
False
Let y be (-60)/(-2) + -10 - (1 + -1). Suppose 15*m = y*m + b - 31198, m + 2*b = 6245. Is m a prime number?
False
Let b(o) = o**2 - 12*o + 2. Let v be b(12). Let f(z) = z**3 - 3*z**2 + z + 4. Let y be f(v). Suppose -y*p = 2*p - 1028. Is p composite?
False
Let q(c) = -c**3 + 11*c**2 - 24*c + 56. Let l be q(9). Suppose 0 = -b + u + 6743, 2*u = 2*b - l*u - 13494. Is b prime?
False
Suppose -4*p = -30113 + 24049 - 81364. Is p a composite number?
True
Let d(y) = 2*y - 8. Let c be d(8). Let w(s) = 14*s**2 - 36*s - 83. Let r be w(-7). Suppose -o = c*o - r. Is o a composite number?
True
Suppose -6*c - 5*c - 7*c = 0. Suppose -g = 2*p - 13365, 3*g + 3*p - 40098 = -c*g. Is g composite?
False
Let a be 2*(-3)/(-12)*0. Suppose -4*x + 23965 + 3247 = a. Is x composite?
False
Suppose -g + 4463 = 4*w, -5*g - 322 = -w + 778. Suppose 3*h - w = 5104. Is h a prime number?
False
Let y(n) = 9*n**2 - 113*n - 1473. Is y(-47) a prime number?
True
Let w(j) = 95*j**2 - 32*j + 427. Is w(-46) composite?
True
Let n(d) = -4*d**2 + 20*d - 37. Let m(a) = 7*a**2 - 39*a + 74. Let g(j) = 3*m(j) + 5*n(j). Let t(i) = -i**2 + 16*i + 5. Let c be t(15). Is g(c) composite?
False
Let j = 41 - 39. Suppose -j*r - 31 + 2231 = 2*a, 5*a + 3*r - 5508 = 0. Let z = 2303 - a. Is z a composite number?
True
Is (-4 - (-329)/77) + 27675312/264 a prime number?
True
Suppose 0 = -494*s + 387*s + 1460443. Is s a prime number?
True
Let m(s) = 5*s**2 - 57*s - 1811. Is m(78) a composite number?
True
Suppose -3*a + 5*d = -1036167, 2*d - 347489 - 343257 = -2*a. Is a a composite number?
False
Let p(d) = -16034*d - 8260. Is p(-9) composite?
True
Suppose -44 = -3*n + 1. Let t(y) = 64*y + 8. Let l be t(n). Suppose -3*w + l + 1477 = 0. Is w composite?
True
Let u = -20040 - -14145. Let f = 9718 + u. Is f prime?
True
Let x = -357 - -369. Suppose 4*b - x + 4 = 0, -2*f + 4*b + 11870 = 0. Is f a composite number?
False
Suppose 11*d - 14*d + 12 = 0. Suppose -3*f + 1326 = 3*y, d*f + 7*y = 5*y + 1758. Is f a prime number?
False
Suppose -2*w = 3*f - 15, -w - 3*f + 35 = -7*